(n) = -2*n**2 + 620*n + 19001. Calculate z(338).
73
Let x(q) = -31257*q - 1250277. Calculate x(-40).
3
Let y(x) = 6*x**3 + 84*x**2 + x. Calculate y(-14).
-14
Let z(g) = 89*g**2 + 4511*g - 611. Give z(-51).
817
Let f(r) = -989*r**2 + 5970*r - 220. Calculate f(6).
-4
Let n(s) = 28559*s - 2027692. Determine n(71).
-3
Let y(a) = 3*a**3 - 4*a**2 + a + 49. What is y(0)?
49
Let g(x) = x**3 - 38*x**2 + 364*x - 3705. Determine g(30).
15
Let z(b) = -9*b**2 - 35133*b + 211124. What is z(6)?
2
Let j(z) = z**3 - 65*z**2 - 799*z + 51791. Give j(65).
-144
Let i(j) = -6*j**2 + 542*j + 312. Determine i(91).
-52
Let v(u) = -7*u**2 - 151*u + 104. Give v(-21).
188
Let l(i) = 21*i**2 - 449*i - 330. What is l(22)?
-44
Let k(d) = -11659*d + 198802. What is k(17)?
599
Let f(s) = 3*s**3 + 4*s**2 + 14*s + 283. Give f(-7).
-648
Let r(w) = -5*w**3 + 148*w**2 - 77*w - 85. Calculate r(29).
205
Let f(t) = -t**3 - 15*t**2 + 1007*t + 18. Calculate f(-40).
-262
Let p(v) = -2*v**2 - 1229*v + 82424. Determine p(61).
13
Let i(q) = q**3 - 38*q**2 - 1012*q + 342. Determine i(56).
118
Let f(h) = -h**3 + 26*h**2 + 1203*h - 143. Give f(50).
7
Let j(n) = 2*n**3 - 659*n**2 + 317*n + 3984. Determine j(329).
36
Let g(h) = -12*h**2 + 20682*h - 103445. Calculate g(5).
-335
Let x(m) = 3*m**3 + 16*m**2 - 8052*m - 48349. Calculate x(-6).
-109
Let l(p) = p**3 + 749*p**2 + 24301*p - 306. Determine l(-34).
0
Let m(p) = -98*p - 5669. Give m(-65).
701
Let a(w) = -70*w**2 + 8196*w - 135. Calculate a(117).
567
Let i(q) = q**3 - 34*q**2 + 307*q - 497. Determine i(13).
-55
Let q(x) = x**3 - 52*x**2 + 83*x + 909. Calculate q(50).
59
Let g(z) = 3*z**3 - 103*z**2 + 764*z + 20. What is g(11)?
-46
Let g(t) = 26*t - 2474. What is g(39)?
-1460
Let z(i) = 4*i**3 - 49*i**2 - 98*i + 1534. What is z(12)?
214
Let n(v) = -28*v**2 + 117*v + 10246. What is n(-17)?
165
Let a(m) = -m**3 + 38*m**2 + 379*m + 546. What is a(-6)?
-144
Let f(t) = 3*t**2 - 1398*t + 87462. What is f(391)?
-513
Let s(l) = -7889*l - 39385. Give s(-5).
60
Let r(w) = -2*w**3 + 51*w**2 - 65*w + 297. Calculate r(24).
465
Let u(k) = -14*k**2 + 15*k - 138. What is u(7)?
-719
Let z(f) = -f**3 + 7*f**2 + 1953*f - 3935. What is z(2)?
-9
Let x(l) = -l**3 + 43*l**2 + 44*l - 350. Calculate x(43).
1542
Let u(b) = -5*b + 893. Calculate u(-19).
988
Let w(b) = 1159*b + 6927. Give w(-6).
-27
Let n(v) = v**3 - 185*v**2 + 5130*v + 612. Determine n(151).
8
Let t(b) = -19*b**3 + 153*b**2 + 173*b - 113. What is t(9)?
-14
Let a(m) = -m**3 + 65*m**2 - 359*m + 28055. Give a(66).
5
Let u(d) = 47066*d + 2824016. Give u(-60).
56
Let w(v) = 2*v**3 - 681*v**2 - 4125*v - 22. Determine w(-6).
-220
Let g(v) = 107*v + 1389. Determine g(-5).
854
Let b(d) = -37*d**2 - 19061*d - 791. Determine b(-515).
2299
Let z(u) = -825*u**2 + 4995*u - 12. Determine z(6).
258
Let f(m) = -2*m**2 + 316*m - 12234. What is f(66)?
-90
Let y(f) = -2*f**2 + 270*f + 11452. What is y(-34)?
-40
Let l(i) = -4077*i - 582954. Give l(-143).
57
Let n(j) = -24862*j + 99667. What is n(4)?
219
Let g(m) = -6836*m - 218756. What is g(-32)?
-4
Let t(r) = -r**2 - 36763*r + 257348. Determine t(7).
-42
Let o(s) = 262*s - 1579. What is o(10)?
1041
Let v(c) = -5*c**3 + 2*c**2 - 19*c + 20. Determine v(1).
-2
Let h(v) = v**3 + 852*v**2 + 12438*v + 8397457. Determine h(-849).
-2
Let d(p) = 13*p**2 - 11482*p + 68438. What is d(6)?
14
Let r(g) = -330*g - 8504. Calculate r(-28).
736
Let r(b) = b**3 - 9*b**2 - 122921*b + 1229109. Determine r(10).
-1
Let r(n) = -n**3 - 39*n**2 - 256*n + 71. What is r(-9)?
-55
Let f(z) = 58*z**2 - 17*z + 46. What is f(3)?
517
Let d(z) = 4*z**2 + 778*z - 3097. Determine d(4).
79
Let w(c) = 26*c**2 + 1016*c - 173. Give w(-39).
-251
Let n(u) = u**3 + 10*u**2 - 3765*u + 3858. Calculate n(56).
-6
Let o(s) = 53*s**2 - 15427*s + 1170. Calculate o(291).
6
Let g(q) = -q**3 - 60*q**2 - 741*q - 16. Give g(-42).
-646
Let v(x) = 131742*x + 658716. Calculate v(-5).
6
Let o(r) = -18*r**3 + 45*r**2 - 9*r + 35. Give o(6).
-2287
Let h(u) = -23*u**3 - 4232*u**2 - 12492*u - 542. Determine h(-181).
1
Let x(d) = 1230*d + 935. Calculate x(-1).
-295
Let f(o) = -23*o**3 + 256*o**2 + 3*o + 17. Determine f(11).
413
Let f(u) = 167*u**3 + 12*u**2 - 9*u + 33. What is f(2)?
1399
Let h(d) = 17*d**2 - 36*d - 60. Give h(-7).
1025
Let u(x) = x**3 + 597*x**2 + 1194*x + 2381. Give u(-595).
1
Let z(s) = -45*s**2 + 715*s - 4812. What is z(7)?
-2012
Let p(q) = 3812*q - 57207. What is p(15)?
-27
Let j(z) = -48021*z - 624264. Determine j(-13).
9
Let y(x) = x**3 + 55*x**2 - 416*x + 26. Determine y(7).
152
Let o(p) = 6*p**3 + 289*p**2 + 64*p + 880. Determine o(-48).
112
Let u(y) = -2*y**3 + 133*y**2 + 77*y - 528. Determine u(67).
142
Let h(c) = 1294*c**2 + 23255*c - 6. What is h(-18)?
660
Let o(a) = -1044*a - 57450. What is o(-55)?
-30
Let o(w) = 13*w**2 - 653*w + 7968. Determine o(26).
-222
Let y(w) = 3*w**2 - 995*w + 58825. What is y(77)?
-3
Let a(y) = 138*y - 4695. Give a(40).
825
Let r(n) = 1059*n**2 + 104842*n + 81. Determine r(-99).
-18
Let q(h) = 3*h**3 + 144*h**2 - 42*h - 404. Calculate q(-48).
1612
Let l(c) = -c**3 + 114*c**2 - 305*c - 3112. Give l(111).
-4
Let f(c) = 10695*c + 609617. Give f(-57).
2
Let c(p) = -p**2 + 155*p - 3934. Calculate c(92).
1862
Let f(y) = -216247*y + 4108678. Determine f(19).
-15
Let u(w) = -w**3 + 5*w**2 - 2898*w - 17783. Determine u(-6).
1
Let n(u) = -u**3 - 109*u**2 + 1061*u - 2271. What is n(6)?
-45
Let y(o) = o**3 + 21*o**2 - 739*o - 12449. Give y(-15).
-14
Let n(g) = 60577*g - 242307. What is n(4)?
1
Let c(f) = 225551*f - 1353340. What is c(6)?
-34
Let h(f) = 40*f**2 + 23991*f + 23992. Give h(-1).
41
Let m(q) = -3*q**2 + 16440*q - 668997. Calculate m(41).
0
Let w(t) = 8964*t - 752950. Give w(84).
26
Let w(f) = -2*f**3 - 13*f**2 + 72*f - 124. Determine w(5).
-339
Let p(r) = -43*r**2 - 6494*r - 38907. Calculate p(-6).
-1491
Let t(n) = -2*n**3 + 50*n**2 - 39*n - 14. Determine t(1).
-5
Let d(m) = 1768*m - 124130. What is d(70)?
-370
Let n(z) = 2287*z - 3156061. Give n(1380).
-1
Let j(i) = -2*i**3 - 25*i**2 - 78*i + 1. Give j(-5).
16
Let k(q) = 3*q**2 - 241*q - 16758. Give k(125).
-8
Let m(f) = f**2 + 25815*f - 439172. Determine m(17).
-28
Let j(c) = 23*c**2 + 4777*c + 268. Calculate j(-208).
1724
Let q(i) = 86*i**3 + 344*i**2 - 91*i - 301. Calculate q(-4).
63
Let l(f) = 2*f**2 - 874*f + 3457. Calculate l(433).
-7
Let q(b) = -b**3 + 398*b**2 - 1517*b - 237. What is q(4)?
-1
Let c(b) = -4*b**3 - 131*b**2 - 66*b + 1396. Determine c(-32).
436
Let g(z) = -13352*z + 1922700. Give g(144).
12
Let l(j) = 22*j**3 - 3*j**2 + 14*j - 274. Give l(6).
4454
Let l(v) = 2873*v - 90041. What is l(31)?
-978
Let v(b) = 2*b**3 + 158*b**2 - 139*b - 23019. Give v(-78).
-9
Let r(q) = 3*q**3 + 203*q**2 + 885*q + 179. Calculate r(-63).
-10
Let m(s) = -s**3 - 32*s**2 + 312*s + 10593. Determine m(-30).
-567
Let k(a) = 10607*a + 1050088. Calculate k(-99).
-5
Let i(x) = -1913*x**2 + 61265*x - 1567. Determine i(32).
1
Let k(q) = 900849*q - 12611879. Determine k(14).
7
Let l(k) = 10856*k + 846767. Calculate l(-78).
-1
Let p(b) = -70*b**2 + 1210*b - 2071. What is p(16)?
-631
Let q(v) = 129050*v - 903366. Determine q(7).
-16
Let z(x) = 384636*x - 13846889. Give z(36).
7
Let s(t) = -1203*t - 16380. Calculate s(-13).
-741
Let g(z) = -9*z**2 - 1743*z + 4118. Calculate g(-196).
2
Let i(m) = m**3 + 27*m**2 - 208*m - 292. Calculate i(-33).
38
Let c(f) = -1679*f - 31836. Give c(-19).
65
Let k(w) = -780*w - 39783. Give k(-51).
-3
Let r(h) = -222*h - 7777. Determine r(-35).
-7
Let l(v) = -v**3 + 1634*v**2 - 13009*v + 2. Give l(8).
-6
Let n(w) = -1297*w - 24827. Calculate n(-19).
-184
Let t(d) = -11*d**3 - d**2 + 42*d - 127. Determine t(3).
-307
Let r(u) = -u**3 - 10*u**2 + 2432*u + 12286. Give r(-5).
1
Let m(w) = 3252*w + 325193. Determine m(-100).
-7
Let u(t) = -3*t**3 + 97*t**2 - 375*t + 137. Determine u(28).
-171
Let b(x) = -x**3 + 48*x**2 + 2552*x + 204. Determine b(80).
-436
Let j(x) = -12*x**3 - 20*x**2 - 30*x - 88. Determine j(-3).
146
Let m(n) = -6*n**3 + 269*n**2 + 49*n - 66. Determine m(45).
114
Let a(w) = -2*w**2 - 596*w - 19217. Give a(-37).
97
Let k(s) = 2*s**3 + 69*s**2 + 593*s - 47. What is k(-17)?
-13
Let h(q) = -2*q**2 + 8072*q - 120625. Determine h(15).
5
Let r(x) = 68*x**2 + 1206*x - 88413. Calculate r(-46).
-1
Let v(t) 